{"id":15,"date":"2018-09-25T09:23:50","date_gmt":"2018-09-25T09:23:50","guid":{"rendered":"https:\/\/zupnija-knezak.rkc.si\/?page_id=15"},"modified":"2025-09-28T20:07:22","modified_gmt":"2025-09-28T18:07:22","slug":"verouk-2018","status":"publish","type":"page","link":"http:\/\/zupnija-knezak.rkc.si\/index.php\/verouk-2018\/","title":{"rendered":"Verouk 2025\/2026"},"content":{"rendered":"<p><span style=\"font-size: 14pt;\"><strong>Urnik verouka:<\/strong><\/span><\/p>\n<p><span style=\"font-size: 14pt;\"><strong>torek\u00a0 \u00a0 \u00a0 \u00a0 \u00a0 \u00a0 \u00a0 \u00a0 \u00a0\u010detrtek\u00a0 \u00a0 \u00a0 \u00a0 \u00a0 \u00a0 \u00a0petek<\/strong><\/span><br \/>\n<span style=\"font-size: 14pt;\"><strong>1R ob 15.30\u00a0 \u00a0 \u00a04R ob 15.00\u00a0 \u00a0 \u00a07R ob 14.00<\/strong><\/span><br \/>\n<span style=\"font-size: 14pt;\"><strong>2R ob 13.45\u00a0 \u00a0 \u00a05R ob 14.00\u00a0 \u00a0 \u00a08R ob 15.00<\/strong><\/span><br \/>\n<span style=\"font-size: 14pt;\"><strong>3R ob 14.30\u00a0 \u00a0 \u00a06R ob 16.00\u00a0 \u00a0 \u00a09R ob 16.00<\/strong><\/span><\/p>\n<hr \/>\n<ul>\n<li><span style=\"font-size: 14pt;\"><strong> BIRMA bo v Kne\u017eaku prihodnjo nedeljo med ma\u0161o ob 10.00. Birmanke so: Manca iz 9r in Maja in Manca iz 8r; fantje: \u017diga, Filip, Bine, \u017dan, Miha, Jaka, Alja\u017e in Matev\u017e iz 8r iz 9r pa Enej, Jonan, Nik, Tja\u017e in Sebastjan. Vsak dan pri ve\u010derni ma\u0161i molimo zanje med devetdnevnico. Vsak dan bo spoved je pol ure pred ma\u0161o. V soboto, 4. 10., ob 14.00 bodo pri molitvi pred Najsvetej\u0161im z nami redovnice pasijonistke iz Italije, ki jih bo spremljala kori\u0161ka rojakinja Anita Bergnach.<\/strong><\/span><\/li>\n<\/ul>\n","protected":false},"excerpt":{"rendered":"<p>Urnik verouka: torek\u00a0 \u00a0 \u00a0 \u00a0 \u00a0 \u00a0 \u00a0 \u00a0 \u00a0\u010detrtek\u00a0 \u00a0 \u00a0 \u00a0 \u00a0 \u00a0 \u00a0petek 1R ob 15.30\u00a0 \u00a0 \u00a04R ob 15.00\u00a0 \u00a0 \u00a07R ob 14.00 2R ob 13.45\u00a0 \u00a0 \u00a05R ob 14.00\u00a0 \u00a0 \u00a08R ob 15.00 3R ob 14.30\u00a0 \u00a0 \u00a06R ob 16.00\u00a0 \u00a0 \u00a09R ob 16.00 BIRMA bo v Kne\u017eaku prihodnjo <a class=\"read-more\" href=\"http:\/\/zupnija-knezak.rkc.si\/index.php\/verouk-2018\/\">Preberi ve\u010d<\/a><\/p>\n","protected":false},"author":2,"featured_media":0,"parent":0,"menu_order":0,"comment_status":"closed","ping_status":"closed","template":"","meta":{"footnotes":""},"class_list":["post-15","page","type-page","status-publish","hentry"],"_links":{"self":[{"href":"http:\/\/zupnija-knezak.rkc.si\/index.php\/wp-json\/wp\/v2\/pages\/15","targetHints":{"allow":["GET"]}}],"collection":[{"href":"http:\/\/zupnija-knezak.rkc.si\/index.php\/wp-json\/wp\/v2\/pages"}],"about":[{"href":"http:\/\/zupnija-knezak.rkc.si\/index.php\/wp-json\/wp\/v2\/types\/page"}],"author":[{"embeddable":true,"href":"http:\/\/zupnija-knezak.rkc.si\/index.php\/wp-json\/wp\/v2\/users\/2"}],"replies":[{"embeddable":true,"href":"http:\/\/zupnija-knezak.rkc.si\/index.php\/wp-json\/wp\/v2\/comments?post=15"}],"version-history":[{"count":31,"href":"http:\/\/zupnija-knezak.rkc.si\/index.php\/wp-json\/wp\/v2\/pages\/15\/revisions"}],"predecessor-version":[{"id":1587,"href":"http:\/\/zupnija-knezak.rkc.si\/index.php\/wp-json\/wp\/v2\/pages\/15\/revisions\/1587"}],"wp:attachment":[{"href":"http:\/\/zupnija-knezak.rkc.si\/index.php\/wp-json\/wp\/v2\/media?parent=15"}],"curies":[{"name":"wp","href":"https:\/\/api.w.org\/{rel}","templated":true}]}}